{"id":36,"date":"2025-07-04T22:23:04","date_gmt":"2025-07-04T20:23:04","guid":{"rendered":"https:\/\/worldpress.ergolouny.cz\/?page_id=36"},"modified":"2025-07-08T21:58:57","modified_gmt":"2025-07-08T19:58:57","slug":"terapie","status":"publish","type":"page","link":"https:\/\/www.ergolouny.cz\/?page_id=36","title":{"rendered":"Terapie"},"content":{"rendered":"\t\t<div data-elementor-type=\"wp-page\" data-elementor-id=\"36\" class=\"elementor elementor-36\">\n\t\t\t\t<div class=\"elementor-element elementor-element-8804c65 e-flex e-con-boxed e-con e-parent\" data-id=\"8804c65\" data-element_type=\"container\">\n\t\t\t\t\t<div class=\"e-con-inner\">\n\t\t\t\t<div class=\"elementor-element elementor-element-a59861a elementor-widget elementor-widget-heading\" data-id=\"a59861a\" data-element_type=\"widget\" data-widget_type=\"heading.default\">\n\t\t\t\t\t<h2 class=\"elementor-heading-title elementor-size-default\">Terapie:<br><\/h2>\t\t\t\t<\/div>\n\t\t\t\t<div class=\"elementor-element elementor-element-c6ff8e3 elementor-widget elementor-widget-text-editor\" data-id=\"c6ff8e3\" data-element_type=\"widget\" data-widget_type=\"text-editor.default\">\n\t\t\t\t\t\t\t\t\t<h3 style=\"text-align: center;\">Terapie je v\u017edy volena individu\u00e1ln\u011b na m\u00edru ka\u017ed\u00e9mu jedinci.<\/h3><h4>Ergoterapie je zam\u011b\u0159ena na :<\/h4><ul><li>sob\u011bsta\u010dnost<\/li><li>jemnou motoriku<\/li><li>hrubou motoriku<\/li><li>grafomotoriku<\/li><li>da\u0161\u00ed \u0161koln\u00ed dovednosti<\/li><li>tr\u00e1ven\u00ed voln\u00e9ho \u010dasu<\/li><li>rehabilitace ruky<\/li><li>tr\u00e9nink kognitivn\u00edch funkc\u00ed<\/li><li>a mnoho dal\u0161\u00edho dle individu\u00e1ln\u00edch pot\u0159eb<\/li><\/ul><h4>Ergoterapie pro d\u011bti:<\/h4><p>v\u017edy prob\u00edh\u00e1 s ohledem na individualitu d\u00edt\u011bte, jeho aktu\u00e1ln\u00ed n\u00e1ladu, z\u00e1jmy a pot\u0159eby<\/p><p>vhodn\u00e1 pro d\u011bti se speci\u00e1ln\u00edmi pot\u0159ebami, nap\u0159. s diagn\u00f3zou:<\/p><ul><li>opo\u017ed\u011bn\u00ed psychomotorick\u00e9ho v\u00fdvoje<\/li><li>d\u011btsk\u00fd autismus<\/li><li>porucha autistick\u00e9ho spektra<\/li><li>atypick\u00e1 autismus<\/li><li>DMO<\/li><li>perifern\u00ed par\u00e9za<\/li><li>porucha u\u010den\u00ed<\/li><li>porucha senzorick\u00e9ho zpracov\u00e1n\u00ed<\/li><li>dyspraxie<\/li><li>v\u00fdvojov\u00e1 dysf\u00e1zie<\/li><li>\u00farazy rukou, hlavy a dal\u0161\u00ed..<\/li><\/ul><p><span style=\"color: #ff6600;\">P\u0159i terapii jsou vyu\u017e\u00edv\u00e1ny prvky Son-Rise a senzorick\u00e9 integrace.<\/span><\/p><p>Pokud v\u00e1m byla doporu\u010dena ergoterapie nebo se v\u00e1m nezd\u00e1 v\u00fdvoj va\u0161eho d\u00edt\u011bte.<\/p><h4>Ergoterapie pro dosp\u011bl\u00e9 a seniory:<\/h4><p>v\u017edy prob\u00edh\u00e1 s ohledem na individualitu \u010dlov\u011bka<\/p><p>vhodn\u00e1 pro dosp\u011bl\u00e9 a seniory po \u00farazech a po\u0161kozen\u00ed mozku, nap\u0159\u00edklad :<\/p><ul><li>mozkov\u00e1 p\u0159\u00edhoda<\/li><li>\u00farazy rukou<\/li><li>s diagn\u00f3zou roztrou\u0161en\u00e1 skler\u00f3za<\/li><li>polytraumata<\/li><li>DMO<\/li><li>p\u0159i vrozen\u00fdch onemocn\u011bn\u00edch<\/li><li>\u00fabytek \u010di porucha kognitivn\u00edch funkc\u00ed<\/li><\/ul><p>a mnoho d\u00e1l\u0161\u00edch..<\/p>\t\t\t\t\t\t\t\t<\/div>\n\t\t\t\t\t<\/div>\n\t\t\t\t<\/div>\n\t\t\t\t<\/div>\n\t\t","protected":false},"excerpt":{"rendered":"<p>Terapie: Terapie je v\u017edy volena individu\u00e1ln\u011b na m\u00edru ka\u017ed\u00e9mu jedinci. Ergoterapie je zam\u011b\u0159ena na : sob\u011bsta\u010dnost jemnou motoriku hrubou motoriku grafomotoriku da\u0161\u00ed \u0161koln\u00ed dovednosti tr\u00e1ven\u00ed voln\u00e9ho \u010dasu rehabilitace ruky tr\u00e9nink kognitivn\u00edch funkc\u00ed a mnoho dal\u0161\u00edho dle individu\u00e1ln\u00edch pot\u0159eb Ergoterapie pro d\u011bti: v\u017edy prob\u00edh\u00e1 s ohledem na individualitu d\u00edt\u011bte, jeho aktu\u00e1ln\u00ed n\u00e1ladu, z\u00e1jmy a pot\u0159eby vhodn\u00e1<\/p>\n<div class=\"more-link\">\n\t\t\t\t <a href=\"https:\/\/www.ergolouny.cz\/?page_id=36\" class=\"link-btn theme-btn\"><span>Read More <\/span> <i class=\"fa fa-caret-right\"><\/i><\/a>\n\t\t\t<\/div>\n","protected":false},"author":1,"featured_media":0,"parent":0,"menu_order":3,"comment_status":"closed","ping_status":"closed","template":"","meta":{"footnotes":""},"class_list":["post-36","page","type-page","status-publish","hentry"],"_links":{"self":[{"href":"https:\/\/www.ergolouny.cz\/index.php?rest_route=\/wp\/v2\/pages\/36","targetHints":{"allow":["GET"]}}],"collection":[{"href":"https:\/\/www.ergolouny.cz\/index.php?rest_route=\/wp\/v2\/pages"}],"about":[{"href":"https:\/\/www.ergolouny.cz\/index.php?rest_route=\/wp\/v2\/types\/page"}],"author":[{"embeddable":true,"href":"https:\/\/www.ergolouny.cz\/index.php?rest_route=\/wp\/v2\/users\/1"}],"replies":[{"embeddable":true,"href":"https:\/\/www.ergolouny.cz\/index.php?rest_route=%2Fwp%2Fv2%2Fcomments&post=36"}],"version-history":[{"count":9,"href":"https:\/\/www.ergolouny.cz\/index.php?rest_route=\/wp\/v2\/pages\/36\/revisions"}],"predecessor-version":[{"id":414,"href":"https:\/\/www.ergolouny.cz\/index.php?rest_route=\/wp\/v2\/pages\/36\/revisions\/414"}],"wp:attachment":[{"href":"https:\/\/www.ergolouny.cz\/index.php?rest_route=%2Fwp%2Fv2%2Fmedia&parent=36"}],"curies":[{"name":"wp","href":"https:\/\/api.w.org\/{rel}","templated":true}]}}