{"id":33,"date":"2025-07-04T22:21:29","date_gmt":"2025-07-04T20:21:29","guid":{"rendered":"https:\/\/worldpress.ergolouny.cz\/?page_id=33"},"modified":"2025-07-06T13:07:53","modified_gmt":"2025-07-06T11:07:53","slug":"o-mne","status":"publish","type":"page","link":"https:\/\/www.ergolouny.cz\/?page_id=33","title":{"rendered":"O mn\u011b"},"content":{"rendered":"\t\t<div data-elementor-type=\"wp-page\" data-elementor-id=\"33\" class=\"elementor elementor-33\">\n\t\t\t\t<div class=\"elementor-element elementor-element-fe44f77 e-flex e-con-boxed e-con e-parent\" data-id=\"fe44f77\" data-element_type=\"container\">\n\t\t\t\t\t<div class=\"e-con-inner\">\n\t\t\t\t<div class=\"elementor-element elementor-element-6656305 elementor-widget elementor-widget-heading\" data-id=\"6656305\" data-element_type=\"widget\" data-widget_type=\"heading.default\">\n\t\t\t\t\t<h2 class=\"elementor-heading-title elementor-size-default\">O mn\u011b:\n<\/h2>\t\t\t\t<\/div>\n\t\t\t\t<div class=\"elementor-element elementor-element-6e18c28 elementor-widget elementor-widget-image\" data-id=\"6e18c28\" data-element_type=\"widget\" data-widget_type=\"image.default\">\n\t\t\t\t\t\t\t\t\t\t\t\t\t\t\t<img decoding=\"async\" src=\"https:\/\/www.ergolouny.cz\/wp-content\/uploads\/elementor\/thumbs\/IMG_20250626_163721-scaled-r8bqathdvag1gly4wnsmuc5rku5z7djomf4an8lbxc.jpg\" title=\"IMG_20250626_163721\" alt=\"IMG_20250626_163721\" loading=\"lazy\" \/>\t\t\t\t\t\t\t\t\t\t\t\t\t\t\t<\/div>\n\t\t\t\t<div class=\"elementor-element elementor-element-7dc31ba elementor-widget elementor-widget-text-editor\" data-id=\"7dc31ba\" data-element_type=\"widget\" data-widget_type=\"text-editor.default\">\n\t\t\t\t\t\t\t\t\t<h4>\u00a0<\/h4><h4 style=\"text-align: center;\">Jmenuji se Zdena Ho\u0161kov\u00e1, jsem samostatn\u00fd specialista v oboru Ergoterapie<\/h4><p>\u00a0<\/p><h3>Vzd\u011bl\u00e1n\u00ed:<\/h3><ul><li>2004-2008 Zdravotnick\u00e1 \u0161kola Most<\/li><li>2008-2011 Univerzita J.E.Purkyn\u011b v \u00dast\u00ed nad Labem- \u00dastav zdravotnick\u00fdch studi\u00ed- bakal\u00e1\u0159sk\u00fd obor ergoterapie<\/li><\/ul><h3>Praxe:<\/h3><ul><li>2011-2014 Domov soci\u00e1ln\u00edch slu\u017eeb Mezibo\u0159\u00ed<\/li><li>2014-2016 M\u011bstsk\u00e1 spr\u00e1va soci\u00e1ln\u00edch slu\u017eeb Most<\/li><li>2016-2024 D\u011btsk\u00e1 psychiatrick\u00e1 nemocnice Louny<\/li><li>2024-2025 Hornick\u00e1 nemocnice s poliklinikou, B\u00edlina- ergoterapeutick\u00e1 ambulance<\/li><\/ul><h3>M\u00e9 kurzy:<\/h3><ul><li>Z\u00e1kladn\u00ed kurz bas\u00e1ln\u00ed stimulace<\/li><li>Senzorick\u00e1 integrace 1<\/li><li>Senzorick\u00e1 integrace 2<\/li><li>Alternativn\u00ed a podp\u016frn\u00e9 metody komunikace u d\u011bt\u00ed s poruchami autistick\u00e9ho spektra se zam\u011b\u0159en\u00edm na obr\u00e1zkov\u00e9 v\u00fdm\u011bnn\u00e9 syst\u00e9my<\/li><li>Autismus a smyslov\u00e9 vn\u00edm\u00e1n\u00ed<\/li><li>Praktick\u00fd \u00favod do aplikovan\u00e9 behavior\u00e1ln\u00ed anal\u00fdzi<\/li><\/ul>\t\t\t\t\t\t\t\t<\/div>\n\t\t\t\t\t<\/div>\n\t\t\t\t<\/div>\n\t\t<div class=\"elementor-element elementor-element-7e45945 e-flex e-con-boxed e-con e-parent\" data-id=\"7e45945\" data-element_type=\"container\">\n\t\t\t\t\t<div class=\"e-con-inner\">\n\t\t\t\t\t<\/div>\n\t\t\t\t<\/div>\n\t\t\t\t<\/div>\n\t\t","protected":false},"excerpt":{"rendered":"<p>O mn\u011b: \u00a0 Jmenuji se Zdena Ho\u0161kov\u00e1, jsem samostatn\u00fd specialista v oboru Ergoterapie \u00a0 Vzd\u011bl\u00e1n\u00ed: 2004-2008 Zdravotnick\u00e1 \u0161kola Most 2008-2011 Univerzita J.E.Purkyn\u011b v \u00dast\u00ed nad Labem- \u00dastav zdravotnick\u00fdch studi\u00ed- bakal\u00e1\u0159sk\u00fd obor ergoterapie Praxe: 2011-2014 Domov soci\u00e1ln\u00edch slu\u017eeb Mezibo\u0159\u00ed 2014-2016 M\u011bstsk\u00e1 spr\u00e1va soci\u00e1ln\u00edch slu\u017eeb Most 2016-2024 D\u011btsk\u00e1 psychiatrick\u00e1 nemocnice Louny 2024-2025 Hornick\u00e1 nemocnice s poliklinikou, B\u00edlina-<\/p>\n<div class=\"more-link\">\n\t\t\t\t <a href=\"https:\/\/www.ergolouny.cz\/?page_id=33\" class=\"link-btn theme-btn\"><span>Read More <\/span> <i class=\"fa fa-caret-right\"><\/i><\/a>\n\t\t\t<\/div>\n","protected":false},"author":1,"featured_media":0,"parent":0,"menu_order":2,"comment_status":"closed","ping_status":"closed","template":"","meta":{"footnotes":""},"class_list":["post-33","page","type-page","status-publish","hentry"],"_links":{"self":[{"href":"https:\/\/www.ergolouny.cz\/index.php?rest_route=\/wp\/v2\/pages\/33","targetHints":{"allow":["GET"]}}],"collection":[{"href":"https:\/\/www.ergolouny.cz\/index.php?rest_route=\/wp\/v2\/pages"}],"about":[{"href":"https:\/\/www.ergolouny.cz\/index.php?rest_route=\/wp\/v2\/types\/page"}],"author":[{"embeddable":true,"href":"https:\/\/www.ergolouny.cz\/index.php?rest_route=\/wp\/v2\/users\/1"}],"replies":[{"embeddable":true,"href":"https:\/\/www.ergolouny.cz\/index.php?rest_route=%2Fwp%2Fv2%2Fcomments&post=33"}],"version-history":[{"count":28,"href":"https:\/\/www.ergolouny.cz\/index.php?rest_route=\/wp\/v2\/pages\/33\/revisions"}],"predecessor-version":[{"id":395,"href":"https:\/\/www.ergolouny.cz\/index.php?rest_route=\/wp\/v2\/pages\/33\/revisions\/395"}],"wp:attachment":[{"href":"https:\/\/www.ergolouny.cz\/index.php?rest_route=%2Fwp%2Fv2%2Fmedia&parent=33"}],"curies":[{"name":"wp","href":"https:\/\/api.w.org\/{rel}","templated":true}]}}